 of 40289585?
0
What is the hundred thousands digit of 283028812?
0
What is the ten millions digit of 36587183?
3
What is the ten thousands digit of 342932658?
3
What is the ten millions digit of 75653632?
7
What is the ten thousands digit of 295611113?
1
What is the hundred thousands digit of 63168034?
1
What is the hundred thousands digit of 1695695325?
6
What is the hundred thousands digit of 1286052392?
0
What is the thousands digit of 419826266?
6
What is the millions digit of 2227791404?
7
What is the ten thousands digit of 3256914113?
1
What is the millions digit of 68575844?
8
What is the units digit of 27151663?
3
What is the hundred thousands digit of 6534063?
5
What is the hundred thousands digit of 40590205?
5
What is the tens digit of 332663673?
7
What is the ten thousands digit of 2731265766?
6
What is the ten millions digit of 48176829?
4
What is the millions digit of 1546997217?
6
What is the ten thousands digit of 294985562?
8
What is the ten thousands digit of 132860315?
6
What is the ten millions digit of 82424639?
8
What is the tens digit of 63418664?
6
What is the thousands digit of 3278353410?
3
What is the hundreds digit of 10365399?
3
What is the millions digit of 1393754279?
3
What is the ten thousands digit of 88637417?
3
What is the units digit of 32476409?
9
What is the hundred thousands digit of 113203693?
2
What is the ten thousands digit of 12912332?
1
What is the millions digit of 649065818?
9
What is the thousands digit of 192096886?
6
What is the tens digit of 68566518?
1
What is the tens digit of 2237353046?
4
What is the millions digit of 3749265?
3
What is the ten thousands digit of 3715784808?
8
What is the ten millions digit of 18121417?
1
What is the hundred thousands digit of 40627908?
6
What is the millions digit of 78262595?
8
What is the hundred thousands digit of 66951343?
9
What is the tens digit of 1192376020?
2
What is the tens digit of 158798670?
7
What is the units digit of 24739083?
3
What is the thousands digit of 1236774827?
4
What is the thousands digit of 199306039?
6
What is the tens digit of 67336637?
3
What is the ten thousands digit of 167376740?
7
What is the thousands digit of 398932837?
2
What is the thousands digit of 798748796?
8
What is the tens digit of 3554518844?
4
What is the hundreds digit of 71488315?
3
What is the hundreds digit of 274798673?
6
What is the hundred millions digit of 2407584148?
4
What is the hundreds digit of 26452172?
1
What is the hundred thousands digit of 1401600934?
6
What is the hundred millions digit of 334756816?
3
What is the ten millions digit of 757680366?
5
What is the tens digit of 1277839076?
7
What is the ten millions digit of 479500287?
7
What is the thousands digit of 264293868?
3
What is the hundred millions digit of 1705612341?
7
What is the hundred thousands digit of 840829965?
8
What is the hundred millions digit of 766444915?
7
What is the hundred thousands digit of 115976844?
9
What is the thousands digit of 2144298027?
8
What is the millions digit of 894754849?
4
What is the hundreds digit of 395213914?
9
What is the hundreds digit of 69648877?
8
What is the hundreds digit of 27010871?
8
What is the thousands digit of 15851222?
1
What is the hundreds digit of 44295091?
0
What is the hundreds digit of 219242252?
2
What is the hundreds digit of 2377546903?
9
What is the units digit of 4122477688?
8
What is the units digit of 342374075?
5
What is the tens digit of 50174525?
2
What is the ten thousands digit of 1816399782?
9
What is the hundreds digit of 78614727?
7
What is the tens digit of 419491010?
1
What is the hundreds digit of 3414663787?
7
What is the hundreds digit of 94966958?
9
What is the millions digit of 85975451?
5
What is the ten millions digit of 1170609806?
7
What is the tens digit of 829199017?
1
What is the hundreds digit of 847679916?
9
What is the thousands digit of 152107070?
7
What is the hundred thousands digit of 1308917479?
9
What is the units digit of 8224523?
3
What is the ten millions digit of 443915400?
4
What is the thousands digit of 99357641?
7
What is the hundreds digit of 5846433616?
6
What is the units digit of 78972895?
5
What is the tens digit of 476342292?
9
What is the hundred millions digit of 120862563?
1
What is the hundred thousands digit of 99780024?
7
What is the hundreds digit of 98838878?
8
What is the thousands digit of 381578072?
8
What is the hundred thousands digit of 194930738?
9
What is the units digit of 499122878?
8
What is the hundreds digit of 3773415207?
2
What is the ten millions digit of 1848448165?
4
What is the units digit of 6068158?
8
What is the units digit of 2602134498?
8
What is the ten thousands digit of 381718873?
1
What is the hundreds digit of 5900640?
6
What is the thousands digit of 373291737?
1
What is the units digit of 11778824?
4
What is the hundreds digit of 2893515311?
3
What is the ten thousands digit of 461099416?
9
What is the hundreds digit of 1304819874?
8
What is the hundreds digit of 155988156?
1
What is the tens digit of 230248686?
8
What is the millions digit of 20936301?
0
What is the hundreds digit of 4157188?
1
What is the hundred millions digit of 7775216112?
7
What is the ten thousands digit of 44373357?
7
What is the units digit of 705975484?
4
What is the units digit of 1539596681?
1
What is the hundred thousands digit of 58304073?
3
What is the hundred thousands digit of 56738002?
7
What is the hundreds digit of 225761272?
2
What is the ten millions digit of 283693453?
8
What is the ten thousands digit of 608709412?
0
What is the units digit of 1538594024?
4
What is the ten thousands digit of 1093995470?
9
What is the tens digit of 21817254?
5
What is the tens digit of 456145497?
9
What is the ten thousands digit of 4800711887?
1
What is the ten thousands digit of 5444877942?
7
What is the millions digit of 91012159?
1
What is the tens digit of 2005004888?
8
What is the hundreds digit of 3945055212?
2
What is the hundred millions digit of 3574521057?
5
What is the thousands digit of 220105882?
5
What is the units digit of 3802241467?
7
What is the millions digit of 9287998?
9
What is the hundreds digit of 79422712?
7
What is the hundred millions digit of 400249847?
4
What is the units digit of 2774653?
3
What is the tens digit of 154253289?
8
What is the ten millions digit of 42885450?
4
What is the thousands digit of 86184274?
4
What is the hundreds digit of 473680343?
3
What is the ten millions digit of 1295761776?
9
What is the tens digit of 907634255?
5
What is the ten thousands digit of 1551801931?
0
What is the tens digit of 51371802?
0
What is the thousands digit of 598082786?
2
What is the millions digit of 4081505687?
1
What is the hundred millions digit of 965048343?
9
What is the hundred millions digit of 688965049?
6
What is the millions digit of 8302928043?
2
What is the ten thousands digit of 938970831?
7
What is the units digit of 2673254884?
4
What is the tens digit of 957859447?
4
What is the ten millions digit of 63186774?
6
What is the units digit of 51930551?
1
What is the units digit of 9830905?
5
What is the units digit of 307329931?
1
What is the units digit of 51159597?
7
What is the hundred millions digit of 701389573?
7
What is the thousands digit of 29428407?
8
What is the hundred thousands digit of 29011726?
0
What is the millions digit of 214745975?
4
What is the thousands digit of 8819253?
9
What is the millions digit of 4387043859?
7
What is the ten millions digit of 185223100?
8
What is the millions digit of 7507774797?
7
What is the ten thousands digit of 1104498875?
9
What is the units digit of 4411018276?
6
What is the millions digit of 66892034?
6
What is the hundreds digit of 668216001?
0
What is the billions digit of 3277500794?
3
What is the tens digit of 12456588?
8
What is the ten millions digit of 999355165?
9
What is the billions digit of 2166879847?
2
What is the ten thousands digit of 65629630?
2
What is the units digit of 6088545?
5
What is the ten millions digit of 26954424?
2
What is the thousands digit of 688068821?
8
What is the ten millions digit of 358133278?
5
What is the ten millions digit of 20426022?
2
What is the tens digit of 130922075?
7
What is the hundred millions digit of 23